s divided by 1920?
1669
What is the remainder when 1091999 is divided by 19?
12
What is the remainder when 9518554 is divided by 820?
814
Calculate the remainder when 17021269 is divided by 12272.
5
Calculate the remainder when 12017599 is divided by 667644.
7
Calculate the remainder when 9235021 is divided by 7388.
21
What is the remainder when 4001491 is divided by 548?
543
Calculate the remainder when 435429 is divided by 796.
17
Calculate the remainder when 1967198 is divided by 393091.
1743
Calculate the remainder when 111431 is divided by 706.
589
What is the remainder when 1524232 is divided by 166?
20
Calculate the remainder when 98589859 is divided by 24647462.
11
Calculate the remainder when 12745 is divided by 231.
40
What is the remainder when 300398 is divided by 13057?
87
What is the remainder when 1978998 is divided by 202?
4
What is the remainder when 822996 is divided by 2109?
486
What is the remainder when 22811573 is divided by 1520766?
83
What is the remainder when 29451130 is divided by 8794?
24
What is the remainder when 5843495 is divided by 177075?
20
Calculate the remainder when 9565822 is divided by 233312.
30
Calculate the remainder when 1916788 is divided by 291.
262
Calculate the remainder when 3733862 is divided by 4559.
41
Calculate the remainder when 2274375 is divided by 16601.
38
Calculate the remainder when 1997319 is divided by 2208.
1287
What is the remainder when 41410 is divided by 982?
166
What is the remainder when 45162108 is divided by 47?
43
Calculate the remainder when 2455278 is divided by 15441.
159
Calculate the remainder when 15388830 is divided by 11.
6
Calculate the remainder when 496753514 is divided by 10526.
10522
Calculate the remainder when 5797013 is divided by 19.
18
What is the remainder when 54945 is divided by 13713?
93
Calculate the remainder when 65965990 is divided by 27.
22
What is the remainder when 1774246 is divided by 1360?
806
What is the remainder when 19306123 is divided by 48?
43
Calculate the remainder when 137894122 is divided by 2567.
16
What is the remainder when 801795 is divided by 162?
57
Calculate the remainder when 786258 is divided by 3236.
3146
What is the remainder when 673348 is divided by 46?
0
What is the remainder when 1907065 is divided by 3932?
45
Calculate the remainder when 10664012 is divided by 8931.
398
Calculate the remainder when 129785 is divided by 2362.
2237
What is the remainder when 1345138 is divided by 671559?
2020
What is the remainder when 23714 is divided by 232?
50
What is the remainder when 70886105 is divided by 236287?
5
What is the remainder when 8334533 is divided by 451?
53
Calculate the remainder when 9241568 is divided by 1349.
918
What is the remainder when 1129220 is divided by 25651?
576
Calculate the remainder when 63535 is divided by 2262.
199
What is the remainder when 466313081 is divided by 235?
231
What is the remainder when 86965353 is divided by 87?
66
What is the remainder when 7649219 is divided by 147100?
19
What is the remainder when 2289939 is divided by 52038?
267
What is the remainder when 24799300 is divided by 99?
97
Calculate the remainder when 75382 is divided by 3589.
13
Calculate the remainder when 1401183 is divided by 471.
429
What is the remainder when 30087067 is divided by 359?
354
What is the remainder when 521690 is divided by 27977?
18104
Calculate the remainder when 116710 is divided by 1216.
1190
Calculate the remainder when 2852502 is divided by 268.
178
Calculate the remainder when 46243 is divided by 2658.
1057
What is the remainder when 24785 is divided by 637?
579
Calculate the remainder when 1748884 is divided by 1223.
1217
What is the remainder when 193366 is divided by 9198?
208
What is the remainder when 399158 is divided by 132713?
1019
Calculate the remainder when 11931 is divided by 11844.
87
Calculate the remainder when 203030 is divided by 100956.
1118
Calculate the remainder when 9041006 is divided by 773.
771
What is the remainder when 16970713 is divided by 360?
313
Calculate the remainder when 493596 is divided by 164510.
66
What is the remainder when 15174025 is divided by 993?
985
What is the remainder when 2589827 is divided by 359?
1
Calculate the remainder when 1770115 is divided by 4459.
4351
Calculate the remainder when 4956470 is divided by 30.
20
What is the remainder when 736356 is divided by 368051?
254
What is the remainder when 80409053 is divided by 224?
221
What is the remainder when 5274911 is divided by 19393?
15
Calculate the remainder when 37009187 is divided by 300.
287
What is the remainder when 1805092 is divided by 3?
1
What is the remainder when 2530906 is divided by 230082?
4
Calculate the remainder when 45834 is divided by 1352.
1218
Calculate the remainder when 4944560 is divided by 2472276.
8
Calculate the remainder when 130218 is divided by 43308.
294
Calculate the remainder when 151058 is divided by 1779.
1622
What is the remainder when 1937 is divided by 124?
77
Calculate the remainder when 47488 is divided by 45944.
1544
Calculate the remainder when 172775 is divided by 1182.
203
Calculate the remainder when 23071745 is divided by 2929.
12
Calculate the remainder when 1821173 is divided by 1821157.
16
Calculate the remainder when 448006 is divided by 149309.
79
What is the remainder when 6657140 is divided by 1279?
1224
What is the remainder when 166652 is divided by 193?
93
Calculate the remainder when 862658 is divided by 862046.
612
Calculate the remainder when 93639 is divided by 31205.
24
Calculate the remainder when 5668002 is divided by 1417.
2
What is the remainder when 82888274 is divided by 1404886?
0
Calculate the remainder when 17578 is divided by 2644.
1714
What is the remainder when 3764339 is divided by 135?
134
What is the remainder when 112530718 is divided by 48?
46
Calculate the remainder when 997353 is divided by 83106.
81
Calculate the remainder when 2250 is divided by 1087.
76
What is the remainder when 27758660 is divided by 5551726?
30
What is the remainder when 7414792 is divided by 15?
7
Calculate the remainder when 919135 is divided by 51063.
1
Calculate the remainder when 264788 is divided by 917.
692
Calculate the remainder when 5012245 is divided by 2270.
85
What is the remainder when 502419 is divided by 31398?
51
What is the remainder when 5194354 is divided by 671?
143
What is the remainder when 60799 is divided by 8?
7
Calculate the remainder when 797896 is divided by 3270.
16
Calculate the remainder when 1353945 is divided by 6670.
6605
What is the remainder when 205240478 is divided by 32?
30
What is the remainder when 10432 is divided by 867?
28
Calculate the remainder when 138688 is divided by 46156.
220
What is the remainder when 4744943 is divided by 387?
323
What is the remainder when 5351691 is divided by 28?
23
Calculate the remainder when 349685 is divided by 3241.
2898
Calculate the remainder when 445907 is divided by 116.
3
What is the remainder when 38076 is divided by 488?
12
Calculate the remainder when 18552841 is divided by 44.
21
Calculate the remainder when 62807 is divided by 61491.
1316
Calculate the remainder when 1357522 is divided by 36.
34
Calculate the remainder when 241734578 is divided by 436344.
2
What is the remainder when 865038 is divided by 28834?
18
Calculate the remainder when 232808405 is divided by 196.
193
Calculate the remainder when 20237 is divided by 3221.
911
Calculate the remainder when 170594 is divided by 3792.
3746
Calculate the remainder when 6033747 is divided by 52015.
7
What is the remainder when 2559149 is divided by 15?
14
What is the remainder when 3004211 is divided by 69831?
1478
Calculate the remainder when 348977 is divided by 8124.
7769
What is the remainder when 1445136 is divided by 2830?
1836
Calculate the remainder when 139604 is divided by 34558.
1372
What is the remainder when 939377 is divided by 584?
305
Calculate the remainder when 1377563 is divided by 1655.
603
Calculate the remainder when 10397382 is divided by 42.
30
What is the remainder when 9179790 is divided by 398?
318
What is the remainder when 18210758 is divided by 1056?
38
Calculate the remainder when 42857951 is divided by 424336.
15
What is the remainder when 821883 is divided